se x + b = 85, -5*x - b + 437 = -0*b. Suppose -4*f + 78 = 110. Is ((-14)/f)/(2/x) composite?
True
Let b = -21 - -28. Is b composite?
False
Let g(w) = -624*w - 11. Is g(-1) composite?
False
Let k be (-66)/(-11) + (0 - -1). Suppose 5*i = k*i - 134. Is i prime?
True
Suppose -8*c - 519 = -9*c. Is c composite?
True
Let x(m) = 14*m**3 + 4*m**2 - 7*m + 4. Is x(3) prime?
True
Is -1 + -1 + -1 + 1070 a prime number?
False
Suppose 2*c + 2074 + 992 = 4*p, 0 = -5*p - 2*c + 3837. Is p a prime number?
False
Suppose -2*v - 11 + 47 = 0. Let i = v - 12. Is i prime?
False
Suppose -32 = -2*m + y, 0 = y - 3*y - 4. Suppose -2*q = -5*d + 457, 2*d = -2*q + m + 165. Is d a prime number?
False
Let d(g) = -g - 3. Let o be d(-6). Suppose -3*u = -o*j - 2*j - 235, -89 = -u - j. Is u a composite number?
True
Suppose 6*t + 105 - 891 = 0. Is t a prime number?
True
Suppose g - 92 - 71 = 0. Is g composite?
False
Let g be (0 + 1)/((-2)/4). Let y = -899 + 119. Is y/8*g/3 a prime number?
False
Let c(m) = -76*m + 16. Let j(v) = 51*v - 11. Let n(t) = 5*c(t) + 7*j(t). Let r(p) = p**3 + 15*p**2 - 17*p - 22. Let g be r(-16). Is n(g) a prime number?
False
Let c = -163 - -108. Let q = c + 79. Suppose -u - 3*u = -q. Is u a prime number?
False
Let x be (-16)/(-6)*(-9)/(-6). Suppose -2*v = x*r + 142, 5*v = 2*v - 3*r - 225. Let l = v - -162. Is l prime?
True
Let g(c) = -4*c**3 + c**2 - 2*c - 4. Let j be g(-3). Suppose -92 = -v + j. Is v prime?
True
Suppose s + 2*c + 270 = 3*s, 3*c = 5*s - 665. Let z = 221 - s. Is z a prime number?
False
Suppose -l + 3 = 0, 3*l = -9*t + 4*t + 64. Let x = t + -15. Let v = 39 + x. Is v a composite number?
True
Let c(s) = 10 + 150*s**2 - s - 10. Is c(1) composite?
False
Let g(h) = h**2 + h + 1. Suppose 2 = 2*m - 3*m. Is g(m) composite?
False
Is ((-1418)/7)/((-6)/42) a prime number?
False
Let j = 5 - 3. Suppose 0 = j*h + 3*h - 165. Is h a composite number?
True
Let d(o) = 32*o**3 + 2*o**2 - 1. Let q be d(1). Suppose -5*b + 8 = q. Is (-2)/(1 + 6/b) a prime number?
False
Suppose -g = 3*c - 156 - 337, 5*g - 2385 = c. Is g composite?
True
Suppose 4*z - 1 - 17 = c, 4*z - 3*c = 22. Let a(k) = 21*k + 3. Is a(z) prime?
False
Let y = 4813 - 2040. Is y composite?
True
Is -17*(-137)/13 - 6/39 prime?
True
Let r = -1602 - -7357. Is r composite?
True
Suppose 3*i + 4*w = i + 222, 2*w - 8 = 0. Is i composite?
False
Let q = 7 - 4. Suppose -q*u + 17 = 2*a - 132, -4*a + 145 = 3*u. Is u composite?
True
Suppose 20 = 2*a + 4*z, 2*z = -2*z + 16. Let v be (a + 32/(-6))*-3. Suppose 2*s - 10 = v. Is s a prime number?
False
Suppose 11*d = 16*d - 1115. Is d a composite number?
False
Let x be ((-6)/(-9))/((-1)/(-963)). Suppose -2*k = -2*z + 1280, z = -0*z - k + x. Is z a prime number?
True
Let p = 2 + 5. Suppose 0 = -3*b + p*b - 56. Is (-4)/b + (-438)/(-14) a prime number?
True
Let q = 283 - -199. Is q a composite number?
True
Let z = -44 + 110. Let l = -226 - -440. Suppose -l + z = -4*i. Is i a composite number?
False
Suppose 2*h + 706 = 4*h. Is h a prime number?
True
Let t(z) = z**2 - z + 5839. Is t(0) a composite number?
False
Suppose -4*q - 37 = 23. Let u = q - -29. Is u a composite number?
True
Let i = -4252 - -6957. Is i prime?
False
Let p(u) = 1 - 4*u + 3*u + u**2 + 2*u. Let m be p(-6). Suppose 3*q + 23 = 5*r, -5*q + m = 3*r - 10. Is r prime?
True
Let d(f) = 16*f**2 + 2 - 5 + 3*f**2 + 1. Let c be (-3)/(-4) - 90/24. Is d(c) a composite number?
True
Let i(f) = 3*f**2 - 1. Let x be i(1). Let q = 0 - 0. Is x*(106/4 - q) a prime number?
True
Let d = 225 - 142. Is d prime?
True
Let m = -78 + 151. Suppose m + 40 = t. Is t a prime number?
True
Let a(w) be the first derivative of w**4/24 + 35*w**3/6 - w**2 + 4. Let q(f) be the second derivative of a(f). Is q(0) prime?
False
Suppose -3*m = 2*s - 145, 3*m + 192 = 3*s - m. Let l = s - 31. Suppose -u + 18 + l = 0. Is u a composite number?
True
Let q = 1131 + -758. Is q composite?
False
Is 3 - -87*1 - 1 a composite number?
False
Let w(a) be the first derivative of a**4/4 + 79*a + 1. Is w(0) a composite number?
False
Suppose -1535 = 3*w - 8*w. Is w a prime number?
True
Suppose 5*x - 5 = -k + 6*k, 0 = 5*x + 3*k + 35. Let l(b) = -b**3 - b**2 + b - 5. Is l(x) prime?
False
Suppose 59 = -4*t - 37. Let i be (t/9)/(1/(-3)). Let x(a) = 14*a + 1. Is x(i) composite?
False
Suppose -3*i = u - 217, -2*i + 365 = 3*i + u. Is i a prime number?
False
Suppose 0*k - 113 = -2*k - q, 3*k - 3*q - 192 = 0. Is k a prime number?
True
Let f(m) = 63*m + 1. Let o(l) = l**2 - 5*l - 4. Let b be o(6). Suppose 12 = -p + 5*c - 1, 0 = -3*p + b*c. Is f(p) composite?
False
Suppose -3*v + 4297 = 4*p, -2*v + 3*p = 2*v - 5771. Is v a prime number?
True
Suppose 2*w - 182 = b, -w = w + 2*b - 176. Suppose 4*l - 165 - 503 = 0. Let g = l - w. Is g a prime number?
False
Suppose -4*b + 2*y + 6 = 0, -4*y + 10 = 4*b - 2*y. Suppose 0*l + 3*p + 91 = 4*l, -b*l + 2*p + 48 = 0. Is l a prime number?
True
Suppose -5 = -y + 5. Suppose -4*g - m = -187, -2*m - 3*m = -3*g + 146. Suppose -y + g = j. Is j composite?
False
Let g(c) = -c**3 + 5*c**2 - 7*c + 10. Let o be g(4). Is (-12)/(-24) + (-289)/o composite?
True
Let a(y) = 6*y**2 + 6*y - 1. Is a(6) prime?
True
Let j = 8 + -13. Let x = -3 - j. Is x + (4 - 2 - 0) a prime number?
False
Suppose 0*l + 4*l = -z + 137, -3*z + 4*l + 395 = 0. Is z a composite number?
True
Suppose -b + 76 = -0*b. Suppose 0 = -h + 3*h + b. Let q = -27 - h. Is q composite?
False
Let d(x) = -x**3 - 11*x**2 + 4*x + 1. Let y(p) = 2*p**3 + 21*p**2 - 8*p - 1. Let z(a) = 5*d(a) + 3*y(a). Is z(-7) composite?
False
Let u = -30 - -157. Is u a composite number?
False
Suppose 3*j - 361 = 251. Suppose m - 3*m = -l + 45, 4*l - 2*m - j = 0. Let h = 147 - l. Is h a prime number?
False
Is 1*321 + -12 + 14 composite?
True
Let j(m) = 5*m**2 + 4*m - 2. Suppose 3*w + u = -14, 1 = 2*w + 4*u + 17. Is j(w) a composite number?
True
Let u(t) = t**2 - 7*t + 7. Let a = 8 - 2. Let v be u(a). Is 3 + v + -2 - -91 a composite number?
True
Let i = 1 - 1. Suppose -g + i = -3. Suppose -138 = g*k - 5*k. Is k a composite number?
True
Let d be 10/14 - (-4)/14. Suppose a - 4 + d = 0. Suppose a*i - 12 = -i, -3*i = -4*k - 1. Is k composite?
False
Let x be ((-9)/(-6))/(3/4). Suppose -64 = -4*b + 3*b + t, x*t = 5*b - 323. Is b a composite number?
True
Suppose -4 = -4*c, -5*g + 4*c - 312 = 107. Suppose -2*t - 5*p + 91 = -175, 2*t + 4*p = 264. Let i = t - g. Is i composite?
False
Suppose -2*x + 3 + 1 = 0. Suppose 4 = 4*a, x*n + 6 = 6*n - 2*a. Suppose -n*p + 250 = -4. Is p a prime number?
True
Let h(o) = -2*o - 2. Let b be h(-3). Let v(u) = -u**2 + 4*u + 2. Let n be v(4). Suppose -b*g - g + n*y = -13, -2*y = -2. Is g a prime number?
True
Suppose n + 5*u - 7 = 0, 0 = 2*n - 5*u + 17 + 14. Let k(m) = -m**2 - 7*m - 8. Let w be k(n). Let z = w - -31. Is z composite?
True
Let b(s) = 78*s - 7. Let x(y) = 334*y - 33. Let z(p) = 111*p - 11. Let u(q) = -6*x(q) + 17*z(q). Let c(a) = 8*b(a) + 5*u(a). Is c(2) a composite number?
True
Suppose 12*m - 742 - 782 = 0. Is m a prime number?
True
Let v(m) = m + 278. Let s be v(0). Suppose 4*c + l - 94 = 963, c + 3*l - s = 0. Is c a composite number?
False
Let a(v) = v**2 + 2*v - 3. Let u be a(-4). Suppose 0*r + 115 = u*r. Suppose -7 = -5*t + r. Is t a composite number?
True
Let i(v) = -v**2 - 9*v - 5. Let h(l) = 6*l**2 + 45*l + 25. Let g(w) = 2*h(w) + 11*i(w). Is g(-6) prime?
False
Let x = 231 + -112. Is x composite?
True
Let q(z) = 2*z**2 + 3*z + 21. Is q(10) composite?
False
Suppose -z = -2*z - 28. Let j = z + 66. Is j a prime number?
False
Suppose 0 = 3*m - 5*y, 3 = 2*y - y. Suppose -2*k + 162 = -4*i, 0 = m*k + 3*i - 0*i - 418. Is k composite?
False
Suppose 0 = 4*l - 0*l. Let n = l - -2. Suppose -146 = -n*u + 24. Is u prime?
False
Let j = -14 + 20. Suppose -5*n + 260 = -d, -3*d = j*n - 3*n - 174. Is n a composite number?
False
Suppose -2*g + 15 = 3*g. Suppose o - 3 = 1. Suppose -4*a + 149 = o*q + q, 3*a + g*q = 108. Is a a prime number?
True
Let v be (-15 - 0)*2/(-5). Is 1/v + 209/6 composite?
True
Suppose 0*u = -4*j - 4*u + 48, -j + 3*u = 0. Suppose -2*y = y - j. Let n(t) = 3*t**2 + 2*t + 4. Is n(y) a prime number?
True
Let w be -1 - -7 - (3 - 1). Suppose 3*c = -4*l + 61, -w*c = -0*l + 4*l - 76. Let z = 46 - c. Is z composite?
False
Is 9/(-27) + 8468/6 a composite number?
True
Suppose 0 = 3